at is the greatest common factor of 16 and y?
8
Suppose -4*m - 596 = -1936. Suppose -5*y + 0*i - 5*i = -m, -3*i = -4*y + 261. What is the greatest common divisor of y and 6?
6
Let n = -152 - -157. Calculate the highest common factor of 2 and n.
1
Suppose 0 = u - 0 - 2. Suppose -u*r - 28 = -4*r. Let t be (r - -1)/1 + 1. What is the greatest common factor of t and 24?
8
Suppose 1 = -5*o + 46. What is the greatest common factor of o and 36?
9
Let l = -6 + 22. Calculate the highest common factor of l and 40.
8
Let t = -31 + 83. Let l = 129 - t. Calculate the highest common divisor of 7 and l.
7
Let t = 3 - 5. Let m be (12/(-10))/(t/120). Suppose 24 = -2*x + 5*x. Calculate the highest common divisor of m and x.
8
Suppose 3*k - 109 - 89 = 0. Suppose 0 = 2*t - 5*w - 32, t - 3*t + w = -16. What is the greatest common divisor of t and k?
6
Let o(i) = 2*i**2 - 2*i - 9. Let l(a) = 2*a + 8. Let z be l(-8). Let g be o(z). What is the greatest common factor of 27 and g?
27
Let n(u) = 54*u + 6. Let t be n(3). Calculate the highest common factor of t and 21.
21
Let s be (12/(-20))/((-1)/20). Suppose -l + 3*l - 168 = 0. Calculate the greatest common divisor of s and l.
12
Suppose 5*j - 20 = -15. Calculate the greatest common divisor of j and 7.
1
Let w = 6 + 23. What is the greatest common divisor of w and 232?
29
Let o(v) = v**3 + 6*v**2 - 9*v - 2. Let p be o(-7). What is the highest common factor of p and 132?
12
Let u(j) = 24*j**3 + j. Let n be u(-1). Let o = -15 - n. What is the greatest common divisor of 20 and o?
10
Suppose -44*i - 2 = -46*i. What is the highest common divisor of 9 and i?
1
Let v be 102*(1/2 - 0). Suppose v = 2*k - 21. What is the highest common factor of k and 9?
9
Let b(s) = -10*s + 8. Suppose 0 = -4*m - 4*r, -4 = 4*m - 0*m + 3*r. Let n be b(m). What is the greatest common factor of 24 and n?
24
Suppose -104 = -4*w + 4*s, -6*s + 118 = 5*w - 7*s. What is the greatest common divisor of 23 and w?
23
Suppose -n - 3*l = -108, -393 = -4*n - l + 2*l. What is the greatest common divisor of n and 9?
9
Let g = 9 + -5. Suppose 0 = -g*i + 3*i + 14. What is the greatest common factor of 35 and i?
7
Let a(b) = 38*b**2 - b. Let p be (-2 - 0)/(2 + 0). Let o be a(p). Calculate the highest common divisor of 13 and o.
13
Let k = 11 + -10. Let q be 40*(-2 + 3)*k. What is the greatest common divisor of q and 10?
10
Let c(t) be the third derivative of t**4/8 - 5*t**3/6 - 2*t**2. Let q be c(2). Calculate the greatest common divisor of q and 8.
1
Let l = 15 + 2. What is the highest common divisor of l and 17?
17
Let m be (-1 + 23)/(16/40). What is the greatest common factor of m and 11?
11
Suppose 4*l - f = 13 + 11, 0 = -2*f. Let m be (-3)/l + 26/4. What is the highest common divisor of 48 and m?
6
Let y be ((-152)/14)/19*(-154)/4. Suppose -v - 5 = -4*p, -v - 4*v = 3*p - 21. What is the greatest common factor of p and y?
2
Suppose -4*u = 4*a + 68, -7*u - 33 = a - 2*u. Let q = a - -18. Calculate the greatest common divisor of 1 and q.
1
Let i be (2/3)/((-4)/6). Let x = 16 + i. Calculate the greatest common factor of x and 3.
3
Suppose -d - 2 = -4. What is the greatest common factor of 2 and d?
2
Let k be 2 + 1 + 2/1. Let b be 3/(-15) + 46/k. Suppose i - 3*g - 72 = 0, -2*i - g + 6 + 117 = 0. What is the highest common factor of i and b?
9
Let r be 1/(-4) + 3/36*147. Let i = 27 + -15. Calculate the highest common divisor of r and i.
12
Suppose -5*j - f + 43 = -j, -5*f + 6 = j. Let k = j - 7. Calculate the greatest common factor of k and 20.
4
Suppose 7 + 29 = m - 4*o, -5*o = 0. Suppose -3*k + k + 92 = 5*d, 76 = 4*d + 4*k. Calculate the highest common divisor of m and d.
18
Let b be (-22)/(-8) - 1/(-4). Suppose 4*k - b = -4*x + 17, -3*k + 15 = x. Let g = 10 + x. What is the highest common divisor of g and 110?
10
Let t(k) = 3*k - 1. Let r be t(5). Calculate the highest common divisor of r and 98.
14
Let z(d) = d**2 - d. Let i be z(3). Let g be -2*(-3)/i - -12. Calculate the greatest common divisor of 143 and g.
13
Suppose 0 = -5*r - 0*r + 750. Let c be (9/(-6))/((-9)/r). Let v = 9 + 1. What is the greatest common divisor of v and c?
5
Suppose x + 0*z = 5*z - 5, -3*x + 7 = -4*z. Suppose s = -x*g + 477, 5*s = 5*g - 225 - 270. Calculate the highest common divisor of 12 and g.
12
Let n(h) be the second derivative of -h**5/20 - 11*h**4/12 - h**3/3 + 3*h**2/2 + 3*h. Let k be n(-11). What is the highest common factor of k and 10?
5
Let r(m) be the first derivative of -m**3/3 - 7*m**2/2 + 7*m + 3. Let c be r(-6). What is the highest common factor of c and 143?
13
Suppose 24 = 2*s + 4*z, 3*z + 17 = 4*s - 3*s. Let b(v) = 13*v**2 + 2*v. Let q be b(2). What is the greatest common divisor of q and s?
14
Suppose 0 = n - 8*n + 560. Let y(l) = l**2 - 2*l + 1. Let q be y(5). What is the greatest common factor of n and q?
16
Let v(g) = -2*g + 7. Let o be v(6). Let s be (-3)/o*(-10)/(-2). Suppose w - 31 = s*r, -7*w + 2*w = 3*r - 137. What is the greatest common factor of 4 and w?
4
Let d = 43 - 12. Let j = d - 16. Calculate the greatest common factor of 75 and j.
15
Let m = -7 - -7. Let p be 1 + (3 - 2 - m). Suppose -2*g - 15 + 51 = -5*n, -4*g = -p*n - 104. What is the greatest common factor of 7 and g?
7
Let c(a) = 22*a**2 - 2*a + 1. Let i be c(5). Let j = i + -251. Let v be j/14 - (-2)/7. Calculate the greatest common factor of 14 and v.
7
Suppose 3*i + 4*x - 14 = 0, -x = i - 2*x. Let s = 25 - i. Calculate the highest common divisor of s and 253.
23
Let y(f) be the first derivative of f**4/4 - f**3 - 2*f**2 + f + 2. Let t be y(4). Let l = -25 - -30. What is the highest common divisor of l and t?
1
Suppose -8*y = -13*y + 715. What is the highest common factor of y and 13?
13
Let q = -3 - -6. Suppose q*f - f - 4 = 0. Suppose -4*b = -f - 34. Calculate the highest common factor of b and 3.
3
Let b(w) = 8*w + 1. Let a be b(1). Let f = -96 + 177. Suppose 19*p - 18*p = f. What is the greatest common divisor of p and a?
9
Let n = -1 + 4. Suppose n*m = 6*m - 18. What is the highest common factor of m and 54?
6
Suppose 0 = -4*q - 4*a + 124, 0*q - 5*q - a = -139. Calculate the greatest common factor of q and 27.
27
Suppose 6 - 18 = 3*q. Let k(t) = t**3 + 8*t**2 + t + 4. Let z be k(q). What is the greatest common divisor of z and 8?
8
Suppose 3*y + 1 = -t + 4, 2*t + 2*y = 22. Let h = 19 - 9. What is the greatest common factor of t and h?
5
Let w(k) = k**3 + k**2 - 5*k + 3. Let i be w(4). What is the greatest common factor of i and 21?
21
Suppose 5*j - 2*i - 606 = 0, -2*j + 52 + 182 = 2*i. Suppose 4*h + 5 = -b, -3*b + b + 35 = -h. Calculate the highest common factor of j and b.
15
Let j(n) = 21*n + 4. Let q be j(4). Calculate the greatest common divisor of q and 11.
11
Let l = -9 - 12. Let z be (-5)/((-20)/16) - l. What is the highest common factor of 10 and z?
5
Let s(u) = 23*u + 29. Let w be s(13). What is the greatest common factor of w and 41?
41
Let v = 1 - -7. What is the highest common factor of v and 4?
4
Suppose -5*t - 185 = -5*y, 2*y + 3*t + 0*t = 89. Calculate the highest common factor of y and 5.
5
Suppose -14 + 34 = 4*z. Suppose -19*o + 14*o + 46 = -a, 0 = -4*o - a + 44. What is the greatest common divisor of z and o?
5
Let n = 96 - -3. Calculate the highest common factor of n and 9.
9
Suppose 9*a = 5*a. Suppose -t - 2*t + 18 = a. Calculate the highest common factor of 6 and t.
6
Let i(k) = -k**3 - 15*k**2 - 13*k + 16. Let j be i(-14). Suppose -4*c + 22 = j*t - 8, -t = -5. Let f = 42 + -17. What is the highest common factor of c and f?
5
Suppose 5*b = 3*d - 769, -3*d + 4*b + 514 = -d. Let z be (68/(-10))/((-2)/10). Let p = 57 - z. What is the greatest common factor of d and p?
23
Let k be 8/8*(-1)/((-2)/10). What is the greatest common divisor of 25 and k?
5
Let m = -8 + 68. What is the highest common divisor of m and 12?
12
Let v be 3*(-32)/(-6)*2. What is the highest common factor of v and 4?
4
Let w(y) = -y**3 - 3*y**2 - 3*y - 1. Let n be w(-2). Let m be (6*3)/n + 0. Let b be (12 - -3)/((-2)/(-6)). What is the greatest common divisor of b and m?
9
Let r be 4/6*(16 - 4). Let l(y) = y**3 - 9*y**2 - 4*y + 5. Let i be l(r). Let q = i + 156. Calculate the highest common factor of q and 26.
13
Let k(o) = -o**3 + 5*o**2 - 2*o. Let i(c) = -c**3 + c**2 + 2*c + 1. Let p be i(-1). L